0*t + 5*t = 20. Calculate l(t).
5
Let d(t) = -9*t - 235 - 18*t + 34*t - 17*t + 54. Determine d(-17).
-11
Let z(w) = -w - 7. Let k be (525/(-45) + 14)*-3. Determine z(k).
0
Suppose 0 = -5*b + 8 + 17. Let w(y) = 7*y**2 - 6 + 1870*y**3 - 3785*y**3 + 1914*y**3 - 3*y. What is w(b)?
29
Let h(o) = 43 + 112*o + 133*o - 240*o - 2. Give h(-9).
-4
Let a(x) = -9*x**2 - 16*x + 11. Let l(v) = -16*v**2 - 32*v + 19. Let c(h) = -7*a(h) + 4*l(h). Give c(-16).
-1
Suppose 0*x = 2*x. Suppose -2*j + x - 16 = 0. Let y(n) = -n**3 + n**2 - 2. Let u(i) = 5*i**3 + 3*i**2 - 10*i - 3. Let q(a) = u(a) + 4*y(a). What is q(j)?
5
Suppose -49*w = -52*w + 24. Suppose -5*j - w + 4 = -v, 2*j - 14 = 3*v. Let l(i) = -i**2 - 5*i - 2. What is l(v)?
-8
Let o(v) be the first derivative of -v**2/2 + 20*v - 292. Calculate o(15).
5
Let u(v) = -v**3 + 4*v**2 + 8*v + 4. Let n = 85 + -83. Suppose -n*s - 6 + 22 = 4*w, 5*s = -2*w + 32. Calculate u(s).
-20
Let f(g) = 11*g + 44*g + 45*g + 3 - 98*g. Suppose 16 = -p - 3*p. Let z = p + 11. Determine f(z).
17
Let l(k) = 9*k**3 - 2*k**2 - 2*k - 1. Let y = -30 + 60. Let a = 435 + -466. Let h = y + a. Calculate l(h).
-10
Let c(p) = -1106*p + 8 - 13 + 1108*p. What is c(-10)?
-25
Let a(w) be the third derivative of w**4/8 + 8*w**3/3 - 2245*w**2. What is a(-6)?
-2
Let h = -29 - -31. Suppose -h*a = -c - 159, -46 = -4*a - 2*c + 292. Let u(b) = -81 + a - 2*b + 3*b. Calculate u(-8).
-7
Let d = 0 + 5. Let h(w) = w**3 + 7*w**2 - 103*w - 6. Let c(r) = 2*r**3 + r**2 - 98*r + 1. Let l(k) = c(k) - h(k). Give l(d).
7
Let s(m) = 2*m - 1. Let u = -121 + 193. Let c = 76 - u. Give s(c).
7
Suppose -5*q - 2*v - 2*v = 31, 0 = 2*q + 3*v + 18. Let d(t) be the second derivative of -63*t + 1 + 1/2*t**2 - 1/3*t**3. Determine d(q).
7
Let r be 8/(-40) + (-39)/5. Let j(k) = -k - 2. Let f be j(r). Let b(q) = -q**2 + 8*q. What is b(f)?
12
Let x = 5 + -2. Suppose 24 = -5*m - x*o, -4*m - 4*o - 9 = 15. Let j(b) = -4*b + 5 - b**2 + 3 + 3*b - 4 - b. What is j(m)?
1
Let v(s) = 5*s**2 - 10*s + 2 - 6*s**2 + 3*s. Suppose 18 = -2*b + 2*z, -3*b + 0 = 5*z - 13. Let a be b/(-6)*(-30)/4. Determine v(a).
12
Let o(h) = -76317*h - 76293*h - 962 + 152587*h. Determine o(-42).
4
Let x(w) be the second derivative of w**4/12 - 2*w**3/3 + w**2/2 + 1090*w. Calculate x(5).
6
Let n(d) be the third derivative of -1/24*d**4 - 19/6*d**3 + 0 - 9*d**2 - 5*d. What is n(-13)?
-6
Let k(q) = 6*q**3 + q**2 - 1. Let y(v) = v**2 - v. Let z(b) = -k(b) + 2*y(b). Let p(m) = -m**3 - 5*m**2 + 11*m - 20. Let d be p(-7). What is z(d)?
-6
Let y(i) be the second derivative of i**4/3 - i**3/6 + i + 6. Suppose 10 = 9*n - 8. What is y(n)?
14
Let n(i) = -3*i**3 + 51*i**2 - 36*i + 6. Let u(d) = -2*d**3 + 34*d**2 - 23*d + 7. Let b(h) = -5*n(h) + 7*u(h). What is b(16)?
67
Suppose -5*g + 24 = -6. Let c(m) = m**3 - 10*m**2 - 21*m - 29. Let j be c(12). Let b(a) = -j*a**2 - 9 + 6*a - 22*a**3 + 23*a**3 + 2*a + 0*a. Give b(g).
3
Let a(b) = 5*b**2 + 40*b - 6. Suppose 0 = -31*r - 798 + 550. Determine a(r).
-6
Let m(o) = -41*o + 519. Let d be m(12). Let p(a) = a**2 - 28*a + 60. Give p(d).
33
Let g(s) = 5572*s**3 - 11084*s**3 - 1 - 2*s**2 + 4*s + 5539*s**3. Determine g(1).
28
Suppose 4*f = -5*p - 23, 0 = -3*f - p + 1 - 21. Let b = 286 + -278. Let m(z) = z**2 + b*z + 6*z**2 + z**3 + z**2 + 0*z. Give m(f).
-7
Let g = -138 + 3. Let v = 132 + g. Let j(r) = 4*r**3 + r**2 - 6*r + 4. Let a(h) = -11*h**3 - 3*h**2 + 17*h - 12. Let b(n) = -3*a(n) - 8*j(n). What is b(v)?
-5
Suppose -20 = 72*v - 82*v. Let j(p) = -p. What is j(v)?
-2
Let x be 111/21 - (-6)/(-21). Suppose 5*p + 16 = -4, 0 = -x*g - 5*p - 55. Let b(z) be the second derivative of z**3/6 - 5*z**2 + z. Calculate b(g).
-17
Suppose 3*d + 15 = -3*k, k = -3*d + 19 - 18. Let t(g) = -2*g**2 - 17*g - 12. Determine t(k).
-4
Let v(p) = 4*p - 5. Let b(z) = -z**2 + 167*z - 1125. Let x be b(7). What is v(x)?
-25
Let y(j) = j + 1. Let f(v) = v**3 - 6*v**2 + 3*v + 11. Let g(h) = -f(h) + 6*y(h). Let c(k) = 3*k**3 - 8*k**2 - 43*k + 98. Let z be c(2). Calculate g(z).
39
Let k be (-1 - -34)*368/(-552). Let i(u) = u**3 + 22*u**2 + u + 30. Calculate i(k).
8
Let s(l) be the third derivative of 2*l**2 - 74*l + 4/3*l**3 - 1/12*l**4 + 0. Determine s(6).
-4
Let c(u) be the first derivative of 1/24*u**4 - 11 - 1/120*u**5 - 34/3*u**3 + 0*u + 0*u**2. Let v(z) be the third derivative of c(z). Give v(0).
1
Let l = -30081 - -30095. Let k(m) = m**3 - 14*m**2 + 3*m - 2. Give k(l).
40
Suppose -4*d - 46 - 30 = -2*f, -73 = -2*f + 5*d. Let p be (-2)/((-168)/f - -4). Let o(b) = -1 + 7 - b**3 - 14655*b**2 + 14645*b**2 + 4*b + 8*b. Determine o(p).
-5
Let g be (-1)/5 + (-24)/5. Let v = 7 + g. Let f(u) = 78*u. Let c(m) = -24*m. Let w(h) = -10*c(h) - 3*f(h). Give w(v).
12
Let p(v) be the second derivative of v**5/20 - 2*v**4/3 + v**3/6 - 4*v**2 + 6*v - 10. Give p(7).
-50
Let l(n) be the third derivative of n**6/120 + 3*n**5/20 - 5*n**4/12 - 2*n**3/3 + n**2 - 48*n. Suppose 35*s - 42*s - 70 = 0. Calculate l(s).
-4
Let u(q) = -5*q**2 - 5*q + 3. Suppose -5*f + 2 = 5*z - 38, 0 = -2*z + 6. Let c(t) = -6*t**2 - 5*t + 4. Let d(r) = f*u(r) - 4*c(r). Determine d(-4).
3
Let y be (-399)/(-27) + (-20)/(-90). Let s(f) = 14*f - y*f + f**2 + 0*f**2 - 10*f**3. Determine s(1).
-10
Suppose -5*i + 3*b = -285, 3*i - 122 - 49 = 3*b. Suppose i*w = 56*w + 6. Let a(p) = -2 - 6*p**2 - 3*p + 2*p + p**3 + 0*p + 10. Give a(w).
2
Let s(j) = -j + 11. Suppose 0 = 4*r - 5*l + 7, 2*r + 2*r = -2*l + 14. Suppose -c + 5*v - 14 = 0, 2*c = -3*v - r*v + 32. Calculate s(c).
5
Let b(m) = 3*m - 3. Let i(p) = -2*p**3 - 12*p**2 + 15*p + 9. Let y be i(-7). Give b(y).
3
Let n(k) = -244*k + 114*k + 33 + 121*k. What is n(4)?
-3
Let a(g) = -6*g - 2 + g - 13 + 3*g + 7. Determine a(7).
-22
Suppose 6*o + 79 - 115 = 18*o. Let z(d) = -3*d - 58. Give z(o).
-49
Let n(h) = h**2 - 8 - 3*h + 3*h - 4*h + 0*h. Suppose -4*q - 3*j + 4 + 15 = 0, -q = 5*j + 8. Determine n(q).
13
Let f(a) = 5*a**2 - 12*a + 29. Let c(x) = -2*x**2 + 2*x - 4. Let y(j) = -2*c(j) - f(j). Determine y(4).
-5
Let q(z) = 2*z + 10. Let u(w) = -3*w - 11. Suppose 3*d + 2*d = -2*a + 55, 4*a - 86 = -2*d. Let y = -17 + a. Let r(n) = y*u(n) + 4*q(n). Give r(0).
7
Let u(x) = -x**3 - 4*x**2 - 3*x - 15. Let q(o) = -1 + 72*o - o**2 + 69*o - 142*o. Let v(z) = 3*q(z) - u(z). Determine v(0).
12
Let r(y) = 2*y**2 - 20*y + 5. Let h = 13735 + -13727. Determine r(h).
-27
Let q(t) be the first derivative of 19*t**2/2 - 3*t + 970. Determine q(3).
54
Let a = -214 - -206. Let y(f) = 5*f + 2*f + 29 + 7*f**2 + 3*f - 11*f**3 + 2*f**2. Let s(w) = 7*w**3 - 6*w**2 - 7*w - 19. Let u(o) = a*s(o) - 5*y(o). Give u(5).
-13
Let k(u) = -58*u + 971. Let h be k(17). Let o(m) = 13*m + 56. Give o(h).
-139
Let v(d) = -16*d**3 - 2*d + 1. Let a be 4/(-4*1/(-6)). Suppose 16*f - 13*f = a. Suppose f*q + 2 - 4 = 0. Determine v(q).
-17
Let u(s) = -s**2 - 11*s + 1. Let t be -2 - 1194/(-3) - (-3 - -4). Let h = t + -405. Determine u(h).
11
Suppose -2*y - 30 = -2*z, 3*z - 14 - 12 = 2*y. Let o(s) = -s**3 + 16*s**2 - 27*s + 7. Let h be o(14). Let j = y + h. Let k(t) = -4*t + 2. Calculate k(j).
-6
Let t(l) = l**3 - 12*l**2 + 9*l - 15. Let x be 2/15*-12 + (-6174)/(-490). Give t(x).
-37
Let w(o) = 13*o**2 - 9*o + 7. Let i(s) = 6*s**2 - 4*s + 3. Let l(v) = -7*i(v) + 3*w(v). Let r = 74 + -59. Let z be ((-6)/r)/(6/15). What is l(z)?
-4
Let l(c) = -c**3 - 9*c**2 + c + 11. Let w = 6 + -15. Let x be l(w). Let p(o) = -o - 1. Let r(g) = 2*g**2 + 3*g + 2. Let i(s) = 2*p(s) + r(s). Give i(x).
10
Let k(d) be the third derivative of -d**4/24 + d**3/2 - 7*d**2. Suppose -33*b = -28*b - 5*l - 5, 5*b + 2*l + 2 = 0. What is k(b)?
3
Let i(y) = y**3 + 16*y**2 + 47*y. Let w be i(-4). Let f(b) = b**3 - 7*b**2 + 3*b + 9. Determine f(w).
-27
Let w = 502 + -510. Let m(b) = -3*b - 1. Let c(n) = 7*n + 1. Let k(g) = -2*c(g) - 5*m(g). Calculate k(w).
-5
Let d(j) = -151714*j**2 + 151711*j**2 + 25*j + 15*j - 4. Determine d(13).
9
Let o = 429 + -428. Let j(y) = -y - 4. Let q(w) = -2*w - 8. Let b(n) = -5*j(n) + 3*q(n). Calculate b(o).
-5
Suppose -2*z = -4*j + 52 + 54, -3*z = 2*j - 57. Suppose j*i = 15*i + 96. Let f(t) = -2*t + 4. Calculate f(i).
-12
Let v(z) be the first derivative of -3*z**2/2 - 20*z + 5472. Calculate v(14).
-62
Let k be 10 + -6 + 3 - (-6)/(-2). Let l(w) be the second derivative of 13*w - w**2 